 3003739?
False
Is 91810244 a multiple of 1445?
False
Is 8282659 a multiple of 2893?
True
Does 252 divide 42040328?
False
Is 9 a factor of 1436650?
False
Is 39994484 a multiple of 210?
False
Is 94672048 a multiple of 391?
True
Is 263 a factor of 244783073?
False
Does 177 divide 69332493?
True
Is 10 a factor of 10851590?
True
Does 921 divide 986480214?
False
Does 6 divide 308274?
True
Does 3716 divide 17747141?
False
Does 10180 divide 876489226?
False
Is 39253756 a multiple of 431?
True
Is 253193959 a multiple of 3792?
False
Does 5 divide 152290450?
True
Does 203 divide 14288967?
True
Is 33739848 a multiple of 18?
True
Does 402 divide 143457318?
True
Is 25 a factor of 41461362?
False
Does 567 divide 6004530?
True
Is 2886 a factor of 77139615?
False
Is 3189516446 a multiple of 643?
False
Is 33 a factor of 5011250?
False
Is 53812860 a multiple of 565?
True
Is 13 a factor of 43718077?
True
Does 23 divide 41859637?
False
Does 38 divide 10280292?
True
Does 151 divide 136125292?
True
Does 14 divide 33247382?
True
Is 289 a factor of 1022524017?
False
Does 195 divide 39109200?
True
Is 17252944 a multiple of 692?
True
Is 27312452 a multiple of 262?
True
Does 14 divide 43901550?
True
Is 83691155 a multiple of 108?
False
Does 703 divide 802573824?
False
Is 8 a factor of 83107104?
True
Is 31 a factor of 4153240?
False
Does 3120 divide 34039200?
True
Is 14250058 a multiple of 13?
False
Is 289609242 a multiple of 1742?
True
Does 246 divide 54458988?
True
Does 54 divide 91500516?
True
Does 60 divide 4056472800?
True
Does 138 divide 4698297?
False
Does 512 divide 5206016?
True
Is 52746657 a multiple of 3?
True
Is 8185556947 a multiple of 6969?
False
Does 9 divide 1060931862?
True
Does 74 divide 1018993172?
True
Does 468 divide 446122971?
False
Is 206679206 a multiple of 1339?
False
Does 1743 divide 28809308?
False
Does 22 divide 15696336?
False
Does 599 divide 641577641?
False
Is 116453617 a multiple of 2153?
True
Is 119150 a multiple of 4?
False
Is 20 a factor of 1102324380?
True
Is 32 a factor of 45058356?
False
Does 13 divide 13368550?
True
Does 2979 divide 710193600?
True
Is 181961395 a multiple of 1771?
True
Is 2460 a factor of 90085200?
True
Is 2808720252 a multiple of 9594?
True
Is 96053566 a multiple of 322?
True
Does 205 divide 49162280?
True
Is 25847400 a multiple of 46?
True
Is 104 a factor of 85107100?
False
Is 4 a factor of 449826988?
True
Does 12 divide 2485458096?
True
Does 3223 divide 11709159?
True
Is 288 a factor of 3979584?
True
Does 1876 divide 1106223197?
False
Is 427 a factor of 6835843?
True
Is 32 a factor of 117960434?
False
Is 7913851 a multiple of 17?
False
Does 733 divide 10447847?
False
Is 11 a factor of 1359787?
True
Does 900 divide 302592472?
False
Does 35 divide 22652105?
True
Is 418606071 a multiple of 507?
True
Is 4998 a factor of 125799660?
True
Is 1640371829 a multiple of 5617?
True
Is 912 a factor of 74106384?
True
Does 283 divide 163309678?
True
Is 66 a factor of 344200296?
True
Is 217001584 a multiple of 19?
True
Is 861571962 a multiple of 2134?
False
Is 604 a factor of 164671529?
False
Does 11 divide 5586931365?
False
Is 53250260 a multiple of 20?
True
Is 17 a factor of 10613032?
True
Is 136100604 a multiple of 2147?
False
Is 192 a factor of 543749376?
True
Does 376 divide 3481970564?
False
Does 132 divide 1537932?
True
Is 103 a factor of 3858051?
False
Does 150 divide 520966050?
True
Does 409 divide 37490807?
False
Does 12 divide 59020368?
True
Is 1578 a factor of 228786330?
True
Is 33 a factor of 1546855?
False
Is 9 a factor of 44224536?
False
Is 13 a factor of 46618679?
False
Is 31029906 a multiple of 577?
True
Does 8 divide 29315606?
False
Is 887 a factor of 608584855?
False
Does 28 divide 201738703?
False
Is 64 a factor of 861440?
True
Is 442962790 a multiple of 149?
False
Does 123 divide 117144486?
False
Is 4038207150 a multiple of 3882?
False
Is 17 a factor of 456501?
True
Is 5 a factor of 424268827?
False
Does 4751 divide 72597982?
False
Is 591593784 a multiple of 6977?
True
Is 6 a factor of 6274128?
True
Does 9 divide 357807159?
True
Is 45810502 a multiple of 30?
False
Is 84689072 a multiple of 871?
True
Is 3258 a factor of 2733462?
True
Does 17 divide 35784150?
True
Is 33 a factor of 250695654?
True
Does 9 divide 35113689?
True
Does 403 divide 544828679?
False
Is 342858539 a multiple of 23?
True
Is 1381722355 a multiple of 65?
True
Does 1045 divide 28643450?
True
Does 642 divide 3523324248?
True
Does 1523 divide 2512543359?
True
Is 309 a factor of 3396779526?
True
Does 127 divide 5825363?
True
Is 37382480 a multiple of 215?
True
Does 18 divide 2904329691?
False
Does 97 divide 10234615?
False
Does 7 divide 84028217?
True
Does 3475 divide 147221850?
True
Does 564 divide 154013736?
True
Is 1860 a factor of 93874978?
False
Does 10 divide 98644860?
True
Is 2092582514 a multiple of 3497?
False
Is 189100305 a multiple of 6?
False
Is 17 a factor of 384155392?
True
Is 92692915 a multiple of 18?
False
Is 23 a factor of 17750612?
False
Is 1338758691 a multiple of 1769?
False
Is 1504 a factor of 101598208?
True
Does 1138 divide 33503858?
True
Does 70 divide 143210270?
True
Is 656302972 a multiple of 26?
True
Is 100 a factor of 345608541?
False
Is 3 a factor of 34634462?
False
Is 15854835 a multiple of 388?
False
Is 11 a factor of 2440170205?
True
Is 402410700 a multiple of 54?
True
Is 141820413 a multiple of 278?
False
Does 118 divide 13470644?
True
Does 440 divide 21338680?
True
Is 29 a factor of 742813984?
False
Is 5482219830 a multiple of 30?
True
Is 2355927440 a multiple of 10?
True
Is 2975960078 a multiple of 2348?
False
Is 277589651 a multiple of 35?
False
Is 2544867200 a multiple of 640?
True
Is 74879143 a multiple of 159?
False
Does 2290 divide 228192941?
False
Is 2259664 a multiple of 88?
True
Is 24 a factor of 103438392?
True
Does 294 divide 1336344072?
True
Is 125244702 a multiple of 568?
False
Does 286 divide 1760099198?
True
Does 14 divide 464744665?
False
Is 165816644 a multiple of 434?
True
Is 8120245 a multiple of 7?
True
Does 37 divide 783894173?
True
Is 23 a factor of 599738586?
False
Does 884 divide 6142804616?
True
Does 946 divide 24456938?
True
Is 6306 a factor of 1401439134?
True
Does 14 divide 612531707?
False
Is 8 a factor of 6041389?
False
Is 42886158 a multiple of 1202?
True
Is 11 a factor of 8432270?
True
Is 29 a factor of 31346318?
False
Does 2264 divide 198377839?
False
Is 131835119 a multiple of 13?
True
Is 190212064 a multiple of 283?
False
Does 590 divide 41235690?
True
Does 6999 divide 90901135?
False
Is 4145 a factor of 1127245185?
True
Is 1354909727 a multiple of 712?
False
Does 914 divide 78893714?
False
Is 55915 even?
False
Does 11 divide 764554197?
True
Is 315613636 a multiple of 1564?
True
Does 444 divide 4142076?
True
Does 1027 divide 373526062?
True
Is 34485183 a multiple of 281?
False
Does 2450 divide 3638250?
True
Is 910982083 a multiple of 11?
True
Is 21 a factor of 75751204?
False
Is 87051577 a multiple of 31?
False
Is 40929800 a multiple of 40?
True
Is 35 a factor of 845782278?
False
Does 662 divide 6474653?
False
Is 47 a factor of 6987443?
True
Does 335 divide 38147588?
False
Does 34 divide 15034873?
False
Is 512462780 a multiple of 6392?
False
Is 33144384 a multiple of 624?
True
Is 16277910 a multiple of 1070?
True
Is 64856011 a multiple of 11?
True
Does 82 divide 814342?
True
Is 532 a factor of 250419848?
True
Does 24 divide 846730128?
True
Is 38400723 a multiple of 19?
False
Is 329 a factor of 32230814?
True
Is 194449008 a multiple of 402?
True
Does 22 divide 46211653?
False
Is 23 a factor of 6960548?
False
Is 5015571 a multiple of 49?
False
Is 129 a factor of 1664763906?
False
Is 862617212 a multiple of 4024?
False
Does 693 divide 101245511?
False
Does 8359 divide 2211749605?
True
Does 10 divide 1201835912?
False
Does 596 divide 418524151?
False
Is 903 a factor of 380310189?
True
Is 3039894934 a multiple of 1212?
False
Is 71295683 a multiple of 577?
False
Is 7139172 a multiple of 9?
False
Is 435552286 a multiple of 26?
True
Is 5591944685 a multiple of 389?
False
Is 5036 a factor of 90190165?
False
Is 38516092 a multiple of 936?
False
Is 2417921 a multiple of 11?
True
Does 1912 divide 2034778307?
False
Is 3486 a factor of 2026617474?
True
Is 43 a factor of 45204219?
Fal